nds digit of m(2)?
1
Let a = 338 - -2163. What is the hundreds digit of a?
5
Let o(g) be the first derivative of 16 - 17*g - 1/4*g**4 + 8/3*g**3 - 3/2*g**2. What is the tens digit of o(7)?
1
Suppose 0 = -39*x + 399205 + 273155. What is the tens digit of x?
4
Suppose 4*n = -2*n. Suppose n*g - w = -4*g + 1126, 4*g - 4*w - 1120 = 0. What is the units digit of g?
2
Suppose -174889 = -13*u + 8918. What is the tens digit of u?
3
Let a(f) = 82*f + 34. Let v be a(-13). Let k = -400 - v. Let h = -443 + k. What is the units digit of h?
9
Let s(y) = 436*y**3 + 12*y**2 - 52*y + 183. What is the thousands digit of s(5)?
4
Let l = -190 - -162. Suppose -2*x = 2*x + 176. What is the units digit of x/l + 6/14?
2
Suppose 4*j = 9 + 7. Let r(y) = y**3 + 39*y**2 + 2. Let f be r(-39). Suppose -f*p = -4*n - 350, n + j*n = 3*p - 527. What is the units digit of p?
9
Suppose 0 = 12*l + 1 - 1. Suppose l*g + g - 8 = 0. What is the tens digit of 1*-2*(-92)/g?
2
Let k(m) = -404*m + 6. Let o be k(-1). Suppose p + 15 = -4*p, -4*f - 2*p - o = 0. Let i = 21 - f. What is the units digit of i?
2
Let j(v) = -328*v + 34. Let b be j(-3). Suppose -4*r - b = -113*a + 112*a, 5*r = -2*a + 1997. What is the thousands digit of a?
1
Let f = 220 - 416. What is the tens digit of (f/(-3) - 4)*117/6?
9
Let m = -574 + 904. Let n = m + 337. What is the tens digit of n?
6
Suppose 4 = -2*m, -18*m + 272 = 2*x - 13*m. Let k = 604 - x. What is the units digit of k?
3
Suppose 0 = -z + 3*i, 0*z + i = 3*z. Suppose z = 6*d - 19 - 371. Suppose 0 = 6*h - 443 + d. What is the tens digit of h?
6
Suppose -20 = -4*b, 6 = -3*m + b + 10. Suppose 0 = 3*w - n - 9 + 3, -15 = -5*n. Suppose -m*h - h + u + 335 = 0, 255 = w*h - 2*u. What is the tens digit of h?
8
Suppose 3*i - 8932 = -4*w + 20196, 9684 = i - 5*w. What is the tens digit of i?
0
Suppose 0 = m + 5*m + 5298. Let g = 1492 + m. What is the tens digit of g?
0
Let j = -220 - -222. Suppose 0*t - t - 4*b + 974 = 0, t - 978 = -j*b. What is the hundreds digit of t?
9
Let s(c) = -2*c**3 - 12*c**2 + 9*c + 10. Let d = -227 + 219. What is the hundreds digit of s(d)?
1
Let v(m) = -5*m**3 + 3*m + 2. Let o be v(-1). Let f(x) = -o + 0 + 8*x + 11 - 4. What is the tens digit of f(12)?
9
Let l(s) = -2*s**3 - 15*s**2 + 19*s + 387. What is the ten thousands digit of l(-27)?
2
Let s be -1 + 25/9 - (-6)/27. Suppose -s*j + 20 + 40 = 0. Let q = 57 - j. What is the units digit of q?
7
Let v = -84 - -88. Suppose -v*o + 9*o = 0, -4*o = 3*r - 36. Suppose -r*s + 40 = -56. What is the units digit of s?
8
Let a(z) = 2*z - 11 - z - 7*z**2 - 4*z**3 + 5*z - 8*z - 3*z**3. What is the tens digit of a(-4)?
3
Let y = -11717 - -31887. What is the thousands digit of y?
0
Let x(a) be the first derivative of -8*a**2 + 37*a - 76. What is the tens digit of x(-5)?
1
What is the units digit of (-1386014)/(-105) - (1 + (-13)/15)?
0
Suppose -45*l - 122394 + 357699 = 0. What is the thousands digit of l?
5
Suppose 7*x + 157*x = -257505 + 1277913. What is the units digit of x?
2
Let v(s) = -76*s + 3. Let z be v(6). Let p = -265 - z. Let a = p + -106. What is the tens digit of a?
8
Let o be -4 + 1201 + (2 - -1). Suppose t - 4*w = -5*w, 4*t + 3*w - 2 = 0. What is the tens digit of (1/t)/(5 - 5997/o)?
0
Let f be 229*(3 - -1)/(3 - 5). Let w = -832 - f. Let x = -120 - w. What is the units digit of x?
4
Suppose 6*u - 32117 - 16993 = 0. What is the thousands digit of u?
8
Suppose 2*x + 2*r = 24632, -3 = 16*r - 13*r. What is the thousands digit of x?
2
Let l be 7 + -4 - 11 - -10. Let s(r) = r**3 - 7*r**2 - 9*r + 5. Let y be s(11). Suppose -3*k = m - 199, l*m = -3*k + 20 + y. What is the hundreds digit of m?
2
Let y(p) = 7 + 0*p + p + 4*p - 7*p. Let f be y(5). What is the tens digit of f/((-18)/(-57))*(-19 + 5)?
3
Let m(w) = 2*w + 26. Let o be m(-15). What is the tens digit of o/5 - (-16232)/40?
0
Let h(u) = -2*u - 1. Let f be h(-2). Suppose -5*p - 10 = -5*b, 5*b + 0*p = -f*p - 14. What is the units digit of (-13)/((-78)/272) - b/(-3)?
5
Let a be (-6)/21 - (-170)/7. What is the units digit of 5/2 - (-1524)/a?
6
Suppose -44*a - 270382 = -1232750. What is the units digit of a?
2
What is the thousands digit of (0 + (-62)/(-6))/((16/(-282))/(-8))?
1
Suppose -4*j + 36 - 116 = -m, 3*m = 0. Let b = j - -33. Suppose -845 = -b*o - 0*o. What is the units digit of o?
5
Let v = -2000 - -2910. Let p = v - 412. What is the units digit of p?
8
Suppose 129*h - 4841316 - 2101593 = 0. What is the ten thousands digit of h?
5
Let f = 4 + 6. Let m(v) = 30 + 0*v**2 + v + 10*v**2 - 1 - 9*v**2. What is the tens digit of m(f)?
3
Let k = 1224 - -3048. What is the units digit of k?
2
Let p = -103 - -120. Suppose -p*w = 6*w - 8694. What is the hundreds digit of w?
3
Let z = 149 - 145. Suppose -4*t = -3*a - 626 - 650, -5*t = z*a - 1564. What is the tens digit of t?
1
Suppose 15*o + 14*o + 29 = 0. What is the hundreds digit of (o/1)/(2/6) - -121?
1
Let d(q) = 2*q - 6. Let j be d(3). Suppose -2*y - n + 44 = 0, j = -4*y + 2*n - 0*n + 72. Suppose m - 5*t = 138, -5*t + 0*t = y. What is the units digit of m?
8
Let r = 29 + -26. Suppose -r*y = 5*y + 848. Let n = -73 - y. What is the units digit of n?
3
Suppose 0 = -21*m + 15*m + 23376. What is the hundreds digit of m?
8
Let x = -71030 - -123176. What is the hundreds digit of x?
1
Let t = -1725 - -2491. What is the hundreds digit of t?
7
Suppose 9 = 5*d - 1. Suppose 4*o = -3*c - o + 473, -4*c - d*o = -654. What is the units digit of c?
6
Let p be (106/(-1))/(6 - 4). Let t(o) = 36*o - 25. Let d be t(6). Let m = p + d. What is the units digit of m?
8
What is the thousands digit of (-1 - -6)*26505414/3510?
7
Suppose 4*f - 442 - 1334 = 0. Suppose 77*d = 81*d - f. What is the units digit of d?
1
Let g(p) = 2*p - 10. Let z be g(-3). Let v = -15 - z. Suppose 4*w - 3*h = 101, -w = -3*h - v - 13. What is the units digit of w?
9
Suppose 127570 = -84*w + 679353 + 517873. What is the tens digit of w?
3
Suppose 5*r - w + 70 = 26, 4*r + 4*w + 40 = 0. Let z(c) = -76*c + 143. What is the tens digit of z(r)?
2
Let k(u) = 6*u**2 - 121*u - 14. Let b be k(-8). Let z = b - 641. What is the tens digit of z?
9
Suppose 0 = -q - m + 970, 0*q + m = q - 966. What is the units digit of q?
8
Let k be (2 - (4 + 0))*(-36)/24. Suppose 2703 = -5*d + 5*g + 12603, -k*d - 3*g + 5922 = 0. What is the tens digit of d?
7
Suppose -2*k + 2*a + 13 - 1 = 0, 3 = -a. Suppose 832 = 4*o + k*x, -o + 0*x + 208 = 4*x. What is the units digit of o?
8
Suppose -2*d + 5*b + 51 + 12 = 0, 0 = 2*d - 3*b - 53. Suppose 0 = -a + 3*s + d, -s = -4*a - 2*s + 102. Let m = a + 91. What is the hundreds digit of m?
1
Suppose 0 = 39*p + 125*p + 14*p - 4693504. What is the tens digit of p?
6
What is the units digit of (-12 - -4) + (8 - -43224)/8 + 7?
3
Let z(t) = t - 1. Let f be z(1). Suppose 689 = -5*o - 2*v + 3128, 2*v + 6 = f. What is the tens digit of o?
8
Let f(r) = -44*r**3 + r**2 - 3*r - 10. Let s be f(-3). Let o = s + -808. What is the units digit of o?
8
Let m = 7987 + -2237. What is the hundreds digit of m?
7
Let i(k) = 109*k - 39. Let d(o) = -30*o + 10. Let b(m) = -22*d(m) - 6*i(m). Suppose -4*q = 5*g - 32 - 4, 5*g = -3*q + 32. What is the units digit of b(q)?
8
Suppose 143 = -7*o + 136. What is the tens digit of 6692/12 - o*4/12?
5
What is the units digit of (380 - -1)*(8 - (-4480)/42) - -2?
0
Suppose -17*t + 432 = -13*t. Suppose 0 = 5*n + 2*h - 1236, -4*h = -2*n + 612 - t. Suppose 3*s = 5*y + 6*s - 404, -3*y + s = -n. What is the units digit of y?
2
Suppose -99*l = -101*l - 90. What is the tens digit of (-5225)/l + (148/(-36) - -4)?
1
Let w = -8 - -25. Suppose -12*f = w + 91. Let d = f + 56. What is the tens digit of d?
4
Let q be ((-2060)/(-15))/(-2)*(-117)/2. Suppose 0*p = 13*p - q. What is the units digit of p?
9
Let c = 217 + -214. Suppose -854 - 130 = -c*g. What is the tens digit of g?
2
Let i be (-4)/(-14) + 0 - (-33580)/70. Suppose 2*r - 5*r = -3*h + i, -h - r = -152. What is the units digit of h?
6
Let i(z) = -z**3 + 130*z**2 - 65*z - 30. What is the tens digit of i(129)?
2
Let o(t) = -t**3 - 12*t**2 - 10*t + 9. Let n be o(-11). Let k be -2 + (1 + -3 - n)/1. What is the tens digit of 33*(-3 + (2 - k)) + 3?
3
Let r(l) = -l**2 - 8*l - 12. Let c be r(-4). Suppose 0*v - c*v + 180 = 0. Suppose -2*h = -37 - v. What is the tens digit of h?
4
Let d be